4532?
2, 3, 7, 11, 13, 211
What are the prime factors of 6151470?
2, 3, 5, 13, 15773
List the prime factors of 378281.
23, 16447
List the prime factors of 193584.
2, 3, 37, 109
List the prime factors of 628113.
3, 209371
List the prime factors of 1871328.
2, 3, 101, 193
List the prime factors of 2343962.
2, 1171981
What are the prime factors of 1486562?
2, 7, 11, 197
What are the prime factors of 7311018?
2, 3, 11, 13, 8521
List the prime factors of 183814.
2, 73, 1259
What are the prime factors of 130942?
2, 7, 47, 199
What are the prime factors of 342019?
19, 47, 383
What are the prime factors of 3192187?
3192187
List the prime factors of 3060221.
17, 10589
What are the prime factors of 732034?
2, 31, 11807
List the prime factors of 3287302.
2, 31, 37, 1433
List the prime factors of 1851838.
2, 43, 61, 353
List the prime factors of 1559153.
1559153
List the prime factors of 13743086.
2, 7, 827, 1187
List the prime factors of 248630.
2, 5, 23, 47
List the prime factors of 1274334.
2, 3, 163, 1303
List the prime factors of 1544187.
3, 19, 27091
What are the prime factors of 2027280?
2, 3, 5, 8447
What are the prime factors of 3731296?
2, 17, 19
List the prime factors of 6189330.
2, 3, 5, 7, 29473
List the prime factors of 23470024.
2, 2933753
What are the prime factors of 11552989?
7, 1650427
List the prime factors of 6154864.
2, 31, 12409
What are the prime factors of 4380473?
107, 40939
List the prime factors of 323258.
2, 13, 12433
List the prime factors of 459388.
2, 114847
What are the prime factors of 3452925?
3, 5, 7, 6577
List the prime factors of 2958280.
2, 5, 13, 5689
What are the prime factors of 13152296?
2, 113, 14549
List the prime factors of 349353.
3, 19, 227
List the prime factors of 69009.
3, 23003
List the prime factors of 190656.
2, 3, 331
What are the prime factors of 39609070?
2, 5, 29, 73, 1871
What are the prime factors of 16481260?
2, 5, 824063
What are the prime factors of 13174580?
2, 5, 149, 4421
What are the prime factors of 300075?
3, 5, 4001
List the prime factors of 9525212.
2, 2381303
List the prime factors of 29207.
29207
List the prime factors of 9296721.
3, 7, 7027
What are the prime factors of 9514794?
2, 3, 1585799
What are the prime factors of 5151803?
181, 28463
What are the prime factors of 1274125?
5, 10193
List the prime factors of 913966.
2, 149, 3067
What are the prime factors of 15442917?
3, 7, 281, 2617
List the prime factors of 4797692.
2, 1199423
What are the prime factors of 4314080?
2, 5, 59, 457
What are the prime factors of 443782?
2, 221891
List the prime factors of 3560938.
2, 1780469
What are the prime factors of 231688?
2, 28961
What are the prime factors of 18281052?
2, 3, 17, 3319
List the prime factors of 214527.
3, 43, 1663
What are the prime factors of 13271703?
3, 101, 43801
List the prime factors of 36363792.
2, 3, 757579
What are the prime factors of 1107985?
5, 19, 107, 109
What are the prime factors of 949712?
2, 59357
List the prime factors of 19921989.
3, 6640663
What are the prime factors of 1765336?
2, 220667
What are the prime factors of 103322?
2, 19, 2719
List the prime factors of 289103.
289103
What are the prime factors of 1914855?
3, 5, 127657
List the prime factors of 780378.
2, 3, 113, 1151
What are the prime factors of 911485?
5, 182297
List the prime factors of 460928.
2, 13, 277
What are the prime factors of 1691847?
3, 20887
What are the prime factors of 4275720?
2, 3, 5, 37, 107
List the prime factors of 842115.
3, 5, 31, 1811
What are the prime factors of 565653?
3, 11, 61, 281
List the prime factors of 10192244.
2, 2548061
List the prime factors of 4288423.
2003, 2141
What are the prime factors of 228691?
71, 3221
What are the prime factors of 2121269?
281, 7549
What are the prime factors of 2074493?
17, 122029
What are the prime factors of 214662?
2, 3, 7, 19, 269
List the prime factors of 15454357.
71, 217667
What are the prime factors of 920660?
2, 5, 13, 3541
List the prime factors of 169443.
3, 67, 281
List the prime factors of 23098845.
3, 5, 7, 11, 2857
List the prime factors of 3134625.
3, 5, 13, 643
What are the prime factors of 6611?
11, 601
List the prime factors of 1041785.
5, 23, 9059
What are the prime factors of 319350?
2, 3, 5, 2129
List the prime factors of 251905.
5, 83, 607
What are the prime factors of 907538?
2, 59, 7691
List the prime factors of 7555569.
3, 7, 23, 15643
List the prime factors of 35179.
127, 277
What are the prime factors of 6130572?
2, 3, 7, 59, 1237
What are the prime factors of 1866152?
2, 89, 2621
List the prime factors of 6009722.
2, 31, 96931
What are the prime factors of 5342396?
2, 47, 157, 181
List the prime factors of 4196732.
2, 1049183
List the prime factors of 2653447.
349, 7603
List the prime factors of 200986.
2, 100493
What are the prime factors of 6581182?
2, 19, 173189
What are the prime factors of 6439180?
2, 5, 11, 29269
What are the prime factors of 8628237?
3, 958693
What are the prime factors of 113967?
3, 7, 67
List the prime factors of 3530633.
41, 86113
What are the prime factors of 1065605?
5, 29, 7349
List the prime factors of 1433698.
2, 7, 102407
What are the prime factors of 46707?
3, 15569
List the prime factors of 1104677.
7, 17, 9283
List the prime factors of 345171.
3, 115057
List the prime factors of 299520.
2, 3, 5, 13
List the prime factors of 8548661.
11, 777151
List the prime factors of 6017685.
3, 5, 401179
What are the prime factors of 19104099?
3, 7, 23, 37, 1069
What are the prime factors of 12212251?
109, 181, 619
List the prime factors of 191104.
2, 1493
What are the prime factors of 1497268?
2, 374317
What are the prime factors of 1046452?
2, 11, 17, 1399
List the prime factors of 22204285.
5, 29, 153133
What are the prime factors of 146617?
146617
List the prime factors of 142755.
3, 5, 31, 307
List the prime factors of 183462.
2, 3, 30577
List the prime factors of 29312.
2, 229
What are the prime factors of 365899?
367, 997
List the prime factors of 276766.
2, 7, 53, 373
List the prime factors of 1392565.
5, 41, 6793
What are the prime factors of 503793?
3, 47, 397
What are the prime factors of 417643?
417643
List the prime factors of 27740747.
67, 233, 1777
List the prime factors of 3861942.
2, 3, 7, 91951
List the prime factors of 1908486.
2, 3, 229, 463
List the prime factors of 596496.
2, 3, 17, 43
What are the prime factors of 302858?
2, 151429
What are the prime factors of 289717?
289717
What are the prime factors of 1554427?
7, 31723
List the prime factors of 40890074.
2, 73, 280069
List the prime factors of 1236579.
3, 412193
What are the prime factors of 973467?
3, 11, 9833
List the prime factors of 1765721.
509, 3469
What are the prime factors of 213583?
137, 1559
What are the prime factors of 25003254?
2, 3, 23, 181183
List the prime factors of 503230.
2, 5, 7, 13, 79
What are the prime factors of 1640779?
7, 41, 5717
List the prime factors of 1393195.
5, 278639
List the prime factors of 207325.
5, 8293
List the prime factors of 1158737.
17, 68161
What are the prime factors of 12686432?
2, 11, 23, 1567
List the prime factors of 4220888.
2, 7, 19, 3967
List the prime factors of 370098.
2, 3, 29, 709
What are the prime factors of 257284?
2, 131, 491
List the prime factors of 5418189.
3, 7, 17, 5059
What are the prime factors of 36908?
2, 9227
List the prime factors of 1304874.
2, 3, 72493
What are the prime factors of 19443?
3, 6481
What are the prime factors of 8088616?
2, 1011077
What are the prime factors of 93317?
7, 13331
List the prime factors of 185465.
5, 7, 757
List the prime factors of 12583317.
3, 4194439
List the prime factors of 1046254.
2, 11, 19, 2503
List the prime factors of 2229235.
5, 445847
What are the prime factors of 20912?
2, 1307
List the prime factors of 393238.
2, 97, 2027
List the prime factors of 28506.
2, 3, 4751
List the prime factors of 279060.
2, 3, 5, 4651
List the prime factors of 23206748.
2, 5801687
List the prime factors of 580704.
2, 3, 23, 263
List the prime factors of 4260760.
2, 5, 7, 15217
What are the prime factors of 5701649?
5701649
What are the prime factors of 402364?
2, 100591
List the prime factors of 774729.
3, 59, 1459
List the prime factors of 11293249.
11, 59, 17401
List the prime factors of 1456670.
2, 5,